e highest common factor of w and 42.
6
Suppose -3*w + 1 = -w + 3*v, -3*v = 5*w - 7. Suppose -5*q - 4 = w*o, -3*o - 2*q + 0*q = -16. What is the highest common factor of 88 and o?
8
Suppose -3*f = -2*q - 316, -5*f + q = -2*q - 528. Suppose 7*w - f = w. Let j = -29 - -56. What is the greatest common factor of j and w?
9
Suppose -3*b + 4 + 11 = 0. Suppose 0 = 20*y - 25 - 275. What is the highest common divisor of b and y?
5
Let p(h) = -h**2 - 4*h + 11. Let m be p(-5). What is the greatest common divisor of 24 and m?
6
Suppose 4*d + q - 112 = 4*q, -5*q + 112 = 4*d. Let h = 49 - d. What is the greatest common divisor of h and 63?
21
Suppose 0 = -42*l + 39*l + 24. What is the greatest common divisor of l and 8?
8
Let l(p) = 2*p - 1. Let c be l(17). Calculate the highest common divisor of 22 and c.
11
Let w = 11 + -6. Let y = w - 3. Suppose y*o - 4*n - 36 = 0, 54 = 4*o - n + 17. Calculate the greatest common factor of 8 and o.
8
Let v be 9/((-2)/(-24) - 0). Suppose 0*m - 2*m = -v. Let o be (-4)/(-6)*(2 + 7). What is the highest common divisor of o and m?
6
Let f(x) = -x**3 - 2*x**2 - 6*x - 2. Let v be f(-4). Let d = 1 - 9. Let m be (4/d)/(3/(-108)). Calculate the highest common factor of m and v.
18
Let u(j) = 3*j**2 - 6*j + 5. Let g be u(5). Calculate the greatest common factor of g and 125.
25
Suppose -135 = -5*q + 3*r, -49 = -q + 4*r + r. Let c(h) = -h**2 - 8*h. Let s be c(-6). Calculate the highest common divisor of q and s.
12
Suppose 0 = s + 4*s - 20. Suppose 4 = s*q, -b = q - 2*q - 14. What is the greatest common divisor of 15 and b?
15
Suppose 19 = 5*a - 1. Suppose -5*s + 3*s = -4, 3*n + 5*s = 22. Suppose -n*z + 33 = 3*t - 6*t, -z = a*t + 6. What is the highest common factor of 18 and z?
6
Suppose 0 = -2*m + 5*m - 12. Let t be (2 - m)/((-1)/(-8)). Let u be (t/6)/(4/(-6)). Calculate the highest common divisor of u and 36.
4
Let a = 7 + -2. Suppose -3 = a*n - 228. Let h = -5 + n. What is the highest common factor of 10 and h?
10
Suppose 0*m + 16 = 4*m. Suppose 271 + 9 = m*b. What is the highest common factor of 10 and b?
10
Let n = 73 + -61. Calculate the greatest common factor of n and 24.
12
Let x = 416 + -295. Calculate the greatest common divisor of x and 11.
11
Let s = 3 - 2. Suppose 0 = 3*d + 5*k - 13, -k - 7 = -d - 4*k. Calculate the highest common divisor of d and s.
1
Suppose -2*o + 178 = 3*b, -10*o + 5*o + 175 = 3*b. What is the greatest common factor of b and 24?
12
Let y be 27/(-2)*4/(-6). Suppose 0 = 4*c - 3*c - 6. What is the highest common divisor of c and y?
3
Suppose -2*s - 3*i + 2 = 0, i - 10 = -0*s - 3*s. Calculate the highest common divisor of 16 and s.
4
Suppose 8*q = 18*q - 880. What is the greatest common factor of q and 33?
11
Let n = 29 + -3. Let u be (-5654)/(-88) - (-6)/8. What is the highest common factor of n and u?
13
Let u(m) = -m**2 + 10*m - 6. Let p be u(8). Suppose -q = -p - 4. Let g = 4 - -10. What is the greatest common factor of g and q?
14
Suppose -5*g + 57 = -3*h + 19, 2*h = 3*g - 22. Let c = g + 0. Calculate the highest common factor of 40 and c.
10
Suppose -6 = -3*g + 2*g. Calculate the greatest common divisor of 2 and g.
2
Let t be 12/3 - 2/2. Suppose 0 = -t*l + 255 - 90. Suppose 5*v - l = -20. What is the highest common divisor of v and 28?
7
Suppose -80 = -3*p + 40. What is the greatest common divisor of p and 16?
8
Suppose -44 = -4*r + 56. Let k = 70 + -45. What is the greatest common factor of k and r?
25
Let c = 396 + -246. Suppose 4*s = 3*u - s - 59, c = 5*u + 2*s. Suppose -5*o + 3*w = -u, -2*o + w + w + 8 = 0. Calculate the highest common divisor of 24 and o.
8
Let b = 24 - 11. What is the greatest common divisor of 104 and b?
13
Let t be ((-424)/16)/(2/(-12)). Let r = t - 107. Calculate the highest common divisor of r and 26.
26
Let d = 237 - 94. What is the highest common factor of d and 13?
13
Suppose 0 = 4*f - 20, 3*f = 5*u - 66 - 159. Calculate the greatest common factor of 16 and u.
16
Suppose 7 = 5*z - 58. What is the highest common divisor of z and 91?
13
Let q = 182 - 105. Let x be 7 - 0/((-4)/2). Calculate the highest common divisor of x and q.
7
Let k = -142 + 240. Calculate the highest common divisor of 14 and k.
14
Let d(t) = 5*t + 6. Suppose 2*o - 4*o = -12. Let p be d(o). Suppose -3*x + 48 = 2*x - 4*j, -5*x = 2*j - p. What is the greatest common factor of x and 8?
8
Let b = 1205 - 841. What is the highest common divisor of 52 and b?
52
Suppose 3*m = -2*n + 3, -m - 39 + 6 = -5*n. Suppose -14 = -5*f + 2*k + 37, 0 = 5*f + 3*k - 36. What is the highest common divisor of f and n?
3
Let v be 55/20 - 6/8. Suppose 0 = 3*c - y - v, -2*c + 2*y = -0*c. Let x = 19 + -11. What is the greatest common divisor of x and c?
1
Let y(u) = u**3 + 10*u**2 + 9*u + 5. Let x be y(-8). Let k be (x - 0) + 1 + 0. Let v = 94 - k. What is the highest common divisor of v and 8?
8
Suppose 4*f + 0*f - 74 = i, -4*f - 3*i + 66 = 0. Let n be 5 + (-1 - -1) + -2. Let m be 6/8*(13 + n). Calculate the greatest common factor of m and f.
6
Suppose 4*h = -3*m + 327, -3*h + 2*m + 272 - 48 = 0. Calculate the greatest common factor of h and 26.
26
Let g be (1 - 0)/(1/105). Let v = -11 - -16. Suppose -3*o - 4*i = -65, o - v*i + 10 = -0. Calculate the highest common factor of o and g.
15
Let y(u) = -6*u - 3. Let l(g) = -18*g - 10. Let q(j) = 3*l(j) - 10*y(j). Let o be q(1). What is the highest common divisor of 42 and o?
6
Let i be (-2)/(-6) - (-2259)/27. Calculate the greatest common divisor of 21 and i.
21
Let z(t) be the second derivative of t**5/20 - 2*t**4/3 - t**3/6 + 9*t**2/2 - t. Let r be z(8). What is the highest common divisor of 4 and r?
1
Suppose 3*l - 30 = -2*l. Suppose -29 = 4*a - 5*k, 0*k + 2 = -a - 4*k. Let n be (a/15)/(3/(-45)). Calculate the highest common divisor of n and l.
6
Suppose 3*o + 3*o = 12. Calculate the greatest common divisor of 8 and o.
2
Let c(z) = 4*z**2 + z - 1. Let t be c(-2). What is the highest common divisor of 104 and t?
13
Suppose 2*w = -24 + 34. Calculate the highest common factor of w and 35.
5
Let l = 26 - 1. Let f(h) = -10*h + l*h + 41*h - 1. Let m be f(1). What is the greatest common divisor of m and 5?
5
Let n = 15 - 7. Let u(d) = d - 10. Let z be u(7). Let w = -2 - z. What is the highest common divisor of w and n?
1
Suppose 3*b + 12 = 0, -2*b = -2*u + 3*u - 14. Suppose 6 = 2*a + 4. Suppose i - 54 - a = 0. Calculate the greatest common factor of i and u.
11
Let a be (1 - -1) + 8/4. Suppose g = a*g - 108. What is the highest common divisor of g and 90?
18
Suppose -3*v - 3 = -5*f, -2*f - 5*v + 7 + 19 = 0. Suppose x + 16 = f*x. What is the greatest common factor of x and 56?
8
Let m(q) = 2*q**3 - q**2 - 3*q + 1. Let z be m(3). What is the greatest common divisor of z and 185?
37
Suppose -16*w - 18 = -19*w. Calculate the highest common divisor of w and 3.
3
Let m(x) = 7*x + 43. Let r be m(-4). Let y = 41 - -19. What is the highest common divisor of r and y?
15
Let v(d) = -d. Let l be v(-6). Suppose -2*p + 0*p = -l. Suppose 3*h - 46 = x, -p*h + 72 = h - 4*x. What is the greatest common divisor of h and 21?
7
Suppose 96 - 24 = 2*d. Calculate the greatest common divisor of 48 and d.
12
Let p be -1 + (-243)/3*-1. Suppose 0 = 2*a - 23 + 3. What is the highest common factor of a and p?
10
Let j be (-12)/(-2) - (-6 + 10). What is the greatest common factor of j and 10?
2
Let m = 382 + -74. What is the greatest common factor of m and 28?
28
Let b = -1 + 3. Let x = 4 + b. What is the greatest common divisor of 9 and x?
3
Let n(v) = 2*v - 8. Let a be n(10). What is the highest common divisor of a and 42?
6
Suppose -2*r + 693 = 7*r. Calculate the highest common factor of r and 14.
7
Let n(s) = 3*s. Let i be n(1). Let g be 6*i + (0 - 0). What is the highest common factor of 18 and g?
18
Let u(o) = -o + 1. Let y be u(-6). Suppose 13 = 4*h - y. Suppose -h*x + 21 = -2*x. What is the highest common factor of x and 14?
7
Suppose -6*m = -4*m - 42. Let r = m + 27. What is the greatest common divisor of 16 and r?
16
Let l(v) = -8*v - 4. Let a be l(-6). Suppose -4*n = -n - 33. What is the greatest common factor of n and a?
11
Let x be ((-3)/1)/(1/(-24)). Calculate the greatest common divisor of 9 and x.
9
Let b = 4 - -24. Suppose 2*h - 6 = 0, a + h - b = -0*a. Calculate the highest common divisor of a 